?
3
What is the hundreds digit of 3179829?
8
What is the units digit of 209664?
4
What is the tens digit of 309335?
3
What is the units digit of 609861?
1
What is the thousands digit of 1921773?
1
What is the tens digit of 100667?
6
What is the units digit of 1276615?
5
What is the tens digit of 120927?
2
What is the thousands digit of 15853664?
3
What is the tens digit of 38151?
5
What is the hundreds digit of 5537291?
2
What is the thousands digit of 5533017?
3
What is the thousands digit of 19580635?
0
What is the hundred thousands digit of 1692592?
6
What is the tens digit of 4883948?
4
What is the millions digit of 28019848?
8
What is the hundreds digit of 24427584?
5
What is the hundreds digit of 743574?
5
What is the thousands digit of 947744?
7
What is the tens digit of 17042719?
1
What is the tens digit of 5528257?
5
What is the tens digit of 1560456?
5
What is the tens digit of 5051?
5
What is the hundreds digit of 474037?
0
What is the units digit of 381990?
0
What is the hundreds digit of 85135?
1
What is the hundreds digit of 768955?
9
What is the units digit of 34647419?
9
What is the hundred thousands digit of 165549?
1
What is the hundreds digit of 3324833?
8
What is the ten thousands digit of 5341852?
4
What is the hundred thousands digit of 681813?
6
What is the hundreds digit of 220651?
6
What is the millions digit of 3882472?
3
What is the hundreds digit of 2931765?
7
What is the hundred thousands digit of 27203006?
2
What is the hundred thousands digit of 723931?
7
What is the units digit of 17444049?
9
What is the ten thousands digit of 631564?
3
What is the hundred thousands digit of 1652716?
6
What is the units digit of 188242?
2
What is the units digit of 3179824?
4
What is the tens digit of 30225991?
9
What is the units digit of 279910?
0
What is the hundreds digit of 1048355?
3
What is the ten thousands digit of 1877808?
7
What is the hundreds digit of 4026405?
4
What is the ten thousands digit of 12635052?
3
What is the units digit of 537807?
7
What is the hundred thousands digit of 15345045?
3
What is the hundreds digit of 1212242?
2
What is the units digit of 218194?
4
What is the hundreds digit of 269265?
2
What is the tens digit of 8119?
1
What is the ten thousands digit of 361423?
6
What is the hundred thousands digit of 2100219?
1
What is the tens digit of 25433040?
4
What is the hundred thousands digit of 547882?
5
What is the thousands digit of 367942?
7
What is the hundred thousands digit of 3167782?
1
What is the ten thousands digit of 472779?
7
What is the hundred thousands digit of 17858239?
8
What is the units digit of 8475575?
5
What is the ten thousands digit of 168121?
6
What is the hundreds digit of 49914?
9
What is the ten thousands digit of 342793?
4
What is the millions digit of 3282189?
3
What is the hundreds digit of 169871?
8
What is the tens digit of 726709?
0
What is the tens digit of 277035?
3
What is the thousands digit of 511623?
1
What is the hundreds digit of 1763974?
9
What is the units digit of 167760?
0
What is the tens digit of 1134281?
8
What is the tens digit of 148498?
9
What is the millions digit of 6373299?
6
What is the ten thousands digit of 35710?
3
What is the tens digit of 108734?
3
What is the hundred thousands digit of 607866?
6
What is the hundred thousands digit of 2778876?
7
What is the hundreds digit of 125409?
4
What is the hundreds digit of 492176?
1
What is the tens digit of 318418?
1
What is the units digit of 3217954?
4
What is the units digit of 714841?
1
What is the tens digit of 65987?
8
What is the units digit of 751803?
3
What is the ten thousands digit of 292145?
9
What is the units digit of 883943?
3
What is the millions digit of 7051107?
7
What is the thousands digit of 1252770?
2
What is the millions digit of 13096128?
3
What is the hundreds digit of 864386?
3
What is the tens digit of 158430?
3
What is the ten thousands digit of 2797282?
9
What is the thousands digit of 152343?
2
What is the hundred thousands digit of 1627074?
6
What is the hundreds digit of 25602?
6
What is the tens digit of 572532?
3
What is the hundreds digit of 13951826?
8
What is the millions digit of 1458904?
1
What is the units digit of 2045220?
0
What is the hundred thousands digit of 6557381?
5
What is the hundreds digit of 111499?
4
What is the hundred thousands digit of 5858301?
8
What is the hundred thousands digit of 561388?
5
What is the hundred thousands digit of 12553519?
5
What is the hundred thousands digit of 5073097?
0
What is the ten thousands digit of 1815462?
1
What is the units digit of 1423870?
0
What is the thousands digit of 382162?
2
What is the hundreds digit of 2397651?
6
What is the millions digit of 7244524?
7
What is the thousands digit of 414869?
4
What is the thousands digit of 3737844?
7
What is the tens digit of 3243299?
9
What is the units digit of 85014?
4
What is the thousands digit of 1551455?
1
What is the hundred thousands digit of 1294216?
2
What is the hundreds digit of 84840?
8
What is the ten thousands digit of 105355?
0
What is the hundreds digit of 9006901?
9
What is the units digit of 5550432?
2
What is the tens digit of 105723?
2
What is the ten thousands digit of 625718?
2
What is the tens digit of 1111951?
5
What is the thousands digit of 2992337?
2
What is the units digit of 108398?
8
What is the ten thousands digit of 1793995?
9
What is the millions digit of 4281565?
4
What is the tens digit of 288414?
1
What is the hundreds digit of 5721265?
2
What is the tens digit of 6712421?
2
What is the hundred thousands digit of 3347400?
3
What is the thousands digit of 221063?
1
What is the units digit of 500650?
0
What is the hundreds digit of 190323?
3
What is the thousands digit of 293888?
3
What is the units digit of 260399?
9
What is the hundreds digit of 439297?
2
What is the hundred thousands digit of 1970140?
9
What is the millions digit of 4950508?
4
What is the thousands digit of 3716831?
6
What is the hundreds digit of 399563?
5
What is the ten thousands digit of 194825?
9
What is the ten thousands digit of 16583750?
8
What is the hundreds digit of 49985?
9
What is the ten thousands digit of 4149856?
4
What is the ten millions digit of 11966738?
1
What is the tens digit of 96683?
8
What is the ten thousands digit of 11306982?
0
What is the tens digit of 3511623?
2
What is the units digit of 839646?
6
What is the ten thousands digit of 4585382?
8
What is the hundred thousands digit of 185661?
1
What is the units digit of 143833?
3
What is the hundred thousands digit of 12816743?
8
What is the millions digit of 14103270?
4
What is the hundreds digit of 4978482?
4
What is the hundreds digit of 3287006?
0
What is the ten thousands digit of 6520611?
2
What is the thousands digit of 130723?
0
What is the tens digit of 3718266?
6
What is the hundreds digit of 269102?
1
What is the tens digit of 819621?
2
What is the ten thousands digit of 374804?
7
What is the hundreds digit of 596054?
0
What is the hundreds digit of 261920?
9
What is the thousands digit of 81138?
1
What is the thousands digit of 719911?
9
What is the units digit of 2079014?
4
What is the tens digit of 564141?
4
What is the tens digit of 957122?
2
What is the thousands digit of 588036?
8
What is the units digit of 279475?
5
What is the hundreds digit of 581477?
4
What is the ten thousands digit of 1818050?
1
What is the units digit of 4056094?
4
What is the hundred thousands digit of 2454969?
4
What is the ten millions digit of 14887903?
1
What is the thousands digit of 1651178?
1
What is the hundred thousands digit of 227265?
2
What is the ten thousands digit of 3380663?
8
What is the units digit of 144945?
5
What is the thousands digit of 2539424?
9
What is the hundred thousands digit of 590042?
5
What is the ten thousands digit of 5606194?
0
What is the tens digit of 933925?
2
What is the thousands digit of 460929?
0
What is the ten thousands digit of 1527086?
2
What is the units digit of 577250?
0
What is the tens digit of 150660?
6
What is the units digit of 634494?
4
What is the hundreds digit of 473699?
6
What is the hundred thousands digit of 1698447?
6
What is the ten millions digit of 11385580?
1
What is the ten thousands digit of 4455425?
5
What is the m